25 = 0. Suppose 3*a = 0, -10*r = -33*r - 5*a + 23. Calculate the highest common divisor of v and r.
1
Suppose 2*x - 8 = -3*n, 0 = 3*n + 2*n + 4*x - 12. Let k be ((-7)/(112/12))/(9/(-60)). What is the highest common divisor of n and k?
1
Let c(h) = -h**2 + 54*h + 47. Let f be c(54). Let d be (f - 46)*(-1)/((-2)/1634). Calculate the highest common factor of d and 43.
43
Let g = -718 + 726. What is the highest common factor of 632 and g?
8
Let r(n) be the second derivative of n**3/2 - 33*n**2/2 + 9*n. Let w be r(11). Suppose w = 3*l - 19 + 1. What is the greatest common factor of l and 18?
6
Suppose 1935 = -33*z + 78*z. Let k(y) = -4*y**2 + 11*y + 2. Let i be k(-8). Let w be 3/6*4 - i. What is the greatest common divisor of w and z?
43
Suppose -21*a + 436 = -320. Suppose 0 = 6*i - i + 45. Let q be ((-1)/4)/(i/a). Calculate the greatest common divisor of q and 5.
1
Let a(l) = -l**3 + 18*l**2 + 70*l - 112. Let w be a(21). What is the highest common factor of w and 3892?
7
Let x = 248 - 250. Let a be (87/(-126) + x/12)*-91. What is the highest common factor of 26 and a?
26
Let b = -43 - -38. Let a be 13/b + 30/50. Let n be (-6)/(-4)*(-20)/a. Calculate the highest common factor of n and 12.
3
Suppose 5*n = -25, -101 = -3*i + 5*n - 16. Suppose i*z - 17*z = 858. Calculate the highest common factor of z and 66.
22
Suppose 0 = 6*q - 3*q + 3, -3*h + 5*q = -293. Let n = 48 + -45. Suppose -b + 10 = -3*t + 2*t, 0 = -n*b - t + 14. What is the highest common divisor of h and b?
6
Let s(l) = 24*l + 6. Let z be s(5). Let k = -8303 - -8393. What is the highest common divisor of z and k?
18
Suppose 2*c = 5*c, -9*w - 8*c + 13*c = -15138. What is the highest common divisor of 58 and w?
58
Suppose 3*u + 2*m - 7 = 0, 14*u + 5*m = 11*u + 4. Suppose -2*s - 204 = -5*n, -u*n - 2*s = -n - 90. What is the highest common divisor of n and 154?
14
Let q be (-6240)/(-620) - (-6)/(-93). What is the highest common factor of 8 and q?
2
Let z(n) = 50*n + 5 + 7 + 20 - 52*n. Let q be z(-14). What is the greatest common divisor of 100 and q?
20
Let m be (-490)/(-7350) - (-109514)/15. Calculate the highest common divisor of m and 49.
49
Let b = -1748 - -4503. Calculate the greatest common divisor of b and 435.
145
Suppose 22*u = -34*z + 31*z + 1983, 5*u = -2*z + 1235. What is the highest common factor of 40 and z?
5
Suppose p = -3*b + 355, 7*b = -4*p - 571 + 1986. What is the highest common divisor of 5104 and p?
176
Let w(y) = 331*y**3 + 2*y**2. Let h be w(1). Let n = h + -86. Calculate the highest common divisor of 13 and n.
13
Suppose -4*h + 2*g = -732, -107*g + 106*g + 726 = 4*h. Calculate the greatest common factor of 338 and h.
26
Let x be (-1 + 58/(-14))/(22/(3 - 1543)). Calculate the highest common factor of 8220 and x.
60
Let b = 24551 - 24425. Calculate the greatest common factor of b and 46998.
126
Let c be -8*7/(14/(-970)). What is the greatest common factor of c and 291?
97
Suppose c = -3*c + 260. Let u be (-15)/(-2)*(112 + (-10 - (-32)/3)). Calculate the greatest common divisor of c and u.
65
Let f(d) = d**3 - 17*d**2 + 14*d + 39. Let a be f(16). Let n(r) = r**3 - 3*r**2 - 11*r - 41. Let x be n(a). Calculate the highest common factor of 91 and x.
13
Suppose -6*f = 2*m - 3*f - 997, -4*f = -5*m + 2527. Let d = m + -412. Calculate the highest common factor of d and 208.
13
Let g be (((-9)/(-9))/1)/((-1)/(-111)). Let x = g + 294. Calculate the greatest common divisor of x and 15.
15
Suppose 8 + 16 = -6*u. Let t(h) = -h**3 - h**2 + 10*h + 1. Let c be t(u). Calculate the greatest common factor of c and 1.
1
Suppose x - 60 - 71 = 0. Let w = x + -131. Suppose w = -3*n - 9*n + 672. Calculate the greatest common divisor of n and 224.
56
Suppose -22*t = -64*t + 14280. Let n be 2034/10 - 7/(175/(-15)). What is the highest common divisor of n and t?
68
Let s be ((-41)/5)/(44/(-95480)*2). What is the highest common factor of 868 and s?
217
Let h(k) = 9*k. Let a(r) = 3*r + 3. Let s be (-17)/(-5) + (-198)/(-30) + -7. Let y be a(s). Let q be h(y). Calculate the greatest common divisor of 12 and q.
12
Let q(c) = -2*c**2 + 295*c - 645. Let r be q(91). Calculate the highest common factor of 158 and r.
158
Suppose -2*a + 531 = 2*m - 5*m, -3*a - 4*m = -737. What is the greatest common factor of 51 and a?
51
Let s(f) = f**2 - 96*f + 1834. Let r be s(72). What is the greatest common divisor of r and 3286?
106
Let v(d) = -2*d**2 + 39*d - 39. Let y be v(13). Calculate the greatest common factor of 5525 and y.
65
Suppose -8*m + 4*m = -4*s + 100, 4*s - 5*m - 105 = 0. Calculate the greatest common divisor of s and 1620.
20
Let u = 0 + 4. Suppose g - 7*d - 258 = -4*d, 8 = u*d. Suppose 3*n + 4*s - 28 = 2*n, 5*n = 3*s + 117. Calculate the highest common divisor of g and n.
24
Let m(a) = -2*a**3 + 25*a**2 - 106*a - 31. Let p be m(-13). Calculate the greatest common divisor of 198 and p.
66
Let y(k) = k**3 - 48*k**2 + 93*k - 2107. Let x be y(47). Calculate the highest common factor of 3278 and x.
11
Let s(x) = -x**3 + 13*x**2 - 18*x + 42. Let c be s(5). Suppose -143*y = -c*y + 126. What is the greatest common divisor of 238 and y?
14
Let a(y) = -y**3 + 7*y**2 + y - 10. Let w be a(7). Let d = w + 5. Suppose 3*p = 2*q - 17, 5*p + 22 + 13 = 4*q. What is the highest common factor of d and q?
2
Let q(y) = -2*y**2 + 33*y - 79. Let k be q(4). Calculate the highest common factor of k and 9.
3
Let z = -106 - -108. Let a(m) = 5*m + 8*m**2 - 1 + 24*m**z - 18*m**2. Let k be a(-3). What is the greatest common factor of k and 44?
22
Let y be (-1*1 + (-1168)/(-64))*24. Suppose -19*n + y = -17*n. Calculate the highest common divisor of n and 69.
69
Suppose 31*d + 5723 = 15271. Suppose -o - 207 + 31 = -4*u, -u - 4*o = -44. Calculate the highest common factor of d and u.
44
Suppose 2*r - a - 4 = -4*a, 0 = -a. Let g be (4 + 14/(-3))/(r/(-36)). Suppose 0*o = g*o - 456. What is the highest common factor of o and 2?
2
Let x be (-45)/(-2) + -4 + 18/4. Suppose 9*c - 58 = x. Let r = -131 + 194. Calculate the greatest common factor of r and c.
9
Let s(t) = 77*t**2 + 97*t - 438. Let d be s(4). What is the greatest common divisor of 24 and d?
6
Suppose -2*l = -2*u + 2113 - 381, 1728 = 2*u - 3*l. What is the greatest common factor of 210 and u?
30
Let y = 66805 + -120716. Let f be y/(-77) - 3/21*1. Calculate the highest common factor of 7 and f.
7
Suppose 526*c = 540*c - 70. Suppose -c*f + 4*y = -f - 56, -y + 2 = 0. Calculate the highest common factor of f and 40.
8
Suppose 192*t - 201*t - 174 = -5*y, y = -2*t + 12. Let n be -1 - 0 - (-466)/2. What is the highest common divisor of n and y?
8
Let y = 4478 - 4064. Calculate the greatest common factor of y and 230.
46
Suppose -y - 2*i + 66 = -6*i, 4*y + 5*i = 222. What is the highest common divisor of y and 928?
58
Let o be (-36)/(-7)*(-5)/8*-28. Suppose -5*a + o = a. What is the greatest common factor of 195 and a?
15
Suppose -2*u + 4*v = -4*v - 64, -3*u + 3*v + 69 = 0. What is the greatest common factor of u and 7080?
20
Let q = 32908 - 32857. Let w be (0 - -3)*(-510)/(-9). Calculate the greatest common divisor of q and w.
17
Let v = 15809 - 15529. Let p = -39 + 119. What is the greatest common divisor of v and p?
40
Let a(s) = -s**2 + 14*s - 45. Let o be a(7). Let j = -39 - -53. What is the highest common divisor of o and j?
2
Let j = 1486 - 961. Calculate the highest common divisor of j and 630.
105
Suppose 0 = -353*f + 319*f + 364140. Calculate the greatest common factor of 45 and f.
45
Let f be (-2)/60*-14254 - (-10)/(-75). Calculate the greatest common divisor of 350 and f.
25
Let b be (248/(-40) - -10)*15. What is the highest common factor of b and 1805?
19
Let l(f) = 6*f**2 - 81*f + 614. Let k be l(7). Let t = 8 - -3. What is the greatest common factor of k and t?
11
Let p be (-26)/91 + (-132)/(-21). Suppose p*f = 8 + 22. Calculate the highest common divisor of 25 and f.
5
Suppose 0 = k + 7*o - 6*o - 1130, 4*k - 4504 = 4*o. Suppose 0 = -5*h + k + 642. What is the highest common divisor of h and 12?
6
Suppose 4*u + 3*t = 20, -1 = 5*u - 2*t - 3. Let g = -13 - -16. Let z be 5*(-2)/(-5) + g + u. What is the highest common divisor of z and 28?
7
Let n(q) be the third derivative of 23*q**4/24 + 40*q**3/3 + 78*q**2 + 1. Let s be n(8). What is the highest common divisor of 96 and 